lculate the greatest common factor of c and 6.
6
Suppose -3*c = -0*a + 4*a, 2*c + a = 0. Let l = c - 1. Let f be ((-18)/21)/(l/14). What is the greatest common factor of f and 12?
12
Let d(y) = 44*y + 2. Let a be d(2). Let q(m) = m**3 - 8*m**2 - 9*m + 10. Let v = -11 - -20. Let c be q(v). What is the highest common divisor of a and c?
10
Let c(h) = 2*h**3 + 3*h**2 + 3*h + 1. Let q be c(-2). Let x = 19 + q. Let r = -44 - -69. Calculate the highest common factor of r and x.
5
Suppose -4*l + l = -6. Suppose l = w - 3. Suppose 234 = w*d - 41. What is the highest common divisor of 22 and d?
11
Suppose -4*u - 32 = -0*g - 2*g, -5*u + 4*g - 40 = 0. Let a = u - -68. What is the highest common factor of a and 12?
12
Suppose -9*s = -14*s + 15. Calculate the greatest common factor of 75 and s.
3
Let u = -7 - -9. Suppose -u*s = -3*s + 15. Suppose -b + 52 + 68 = 0. What is the greatest common divisor of b and s?
15
Let r = 4 + 41. What is the greatest common divisor of 9 and r?
9
Suppose 3*s - y - 4*y = 25, -5*s = -2*y - 67. What is the highest common divisor of s and 120?
15
Let z(o) = o - 13. Let g be z(11). Let i be (-15 - (0 + g))*-1. What is the greatest common factor of i and 65?
13
Suppose -2*h - 5*c + 227 = -0*c, 0 = -h - 4*c + 106. Calculate the highest common factor of 18 and h.
18
Let o(z) = 59*z + 3. Let i be o(2). What is the greatest common factor of 11 and i?
11
Let m(v) = -1 - 1 + v - 2. Let y be m(6). What is the highest common divisor of 3 and y?
1
Let r(z) = -z**3 + 14*z**2 + 11*z - 15. Let x be r(7). Calculate the highest common factor of x and 45.
45
Let g be (6/(-4))/3*2. Let h(r) = r**2 + 4*r + 4. Let k be h(4). Let u be (1*g)/((-4)/k). What is the highest common factor of 9 and u?
9
Let b = -478 + 520. Let i be 2/6 + 17/3. Calculate the greatest common divisor of i and b.
6
Suppose 3*y = -c + 47, 14*y = 13*y + 4*c + 20. Suppose -2*x + 16 = 5*q, -5*x + 4 = -5*q - 1. What is the highest common factor of q and y?
2
Let b be 44/12 - (-1)/3. Suppose 0 = -t + b*t + 3*s - 15, 5*t - 5*s = 25. Calculate the highest common factor of t and 10.
5
Let t(p) = 6*p**2 - 36*p + 9. Let m be t(8). What is the greatest common divisor of 15 and m?
15
Suppose 0 = -s + 2*s - 14. Let m(y) = y**3 + 4*y**2 + y + 1. Let z be m(-2). Calculate the highest common factor of z and s.
7
Let f(k) be the third derivative of k**5/60 + k**3/6 - 4*k**2. Let j be f(1). Suppose n + j*n = 456. What is the highest common divisor of 19 and n?
19
Let o(c) = 5*c - 2. Let p(x) = x. Let s(j) = o(j) - 3*p(j). Let t be s(5). Let n be 2/(6 + -8) + 25*1. What is the greatest common factor of n and t?
8
Let n be (-1080)/(-110) - (-2)/11. Suppose -3*w + w + n = 0. Suppose -4*x - 3*d = -45, -3*x = -2*x + 4*d + 5. What is the highest common divisor of x and w?
5
Let w = -79 + 160. Let h = -21 + 30. Calculate the greatest common factor of h and w.
9
Suppose 205 = 2*i - 19. Let u = -15 + 29. Calculate the greatest common factor of u and i.
14
Let u be 10*24/30 + 9/(-3). Suppose -2*s + 3*s = 35. Calculate the highest common factor of s and u.
5
Suppose -i + 16 = -5*i. Let y = 32 + i. Let c(z) = 8*z + 2. Let w be c(5). What is the highest common divisor of y and w?
14
Let m(p) = -p**2 - 1. Let l be m(3). Let d = -6 - l. Calculate the greatest common divisor of d and 4.
4
Suppose -4*o = -21*o + 544. Calculate the highest common divisor of o and 48.
16
Let m = 6 + -3. Suppose -m*i + 75 = 12. Let h = i + -11. Calculate the highest common divisor of 10 and h.
10
Suppose -3 + 33 = 5*z. Calculate the highest common factor of z and 54.
6
Suppose 6*w = w + 240. Let p(b) = 5*b + 5. Let k(o) = -2*o - 2. Let a(g) = -14*k(g) - 6*p(g). Let l be a(-7). Calculate the greatest common factor of l and w.
12
Let m be ((-36)/(-20))/((-4)/(-20)). What is the greatest common factor of 18 and m?
9
Suppose 12 + 758 = 7*y. Let m be 1/(-2) + 42/4. What is the greatest common divisor of y and m?
10
Suppose 8 = -3*i + 29. What is the greatest common factor of i and 1?
1
Let c = -35 - -47. What is the greatest common divisor of c and 108?
12
Let n = 16 - 14. Suppose -n*t + 66 = -0. What is the highest common divisor of 11 and t?
11
Let i be ((-8)/(-24))/(2/36). Suppose 90 = 5*l - 5*g, -2*l + 3*g - 4*g + 36 = 0. Calculate the highest common divisor of i and l.
6
Let o(s) = 2*s**2 - 8*s + 6. Let i be ((-22)/8)/((-1)/(-4)). Let g = -6 - i. Let q be o(g). What is the highest common divisor of 144 and q?
16
Let c = 424 - 263. Calculate the highest common factor of c and 23.
23
Suppose 3*z + 235 = -2*z. Let y = z + 181. Let f = y - 65. Calculate the greatest common factor of f and 46.
23
Suppose 0*i - g = -4*i + 18, -i - 3 = -4*g. Suppose i*c - 20 = c. Suppose 0*m = c*m - 350. What is the greatest common factor of m and 10?
10
Let p(i) = i**3 - 19*i**2 - 29*i - 26. Let x be p(21). What is the greatest common divisor of 19 and x?
19
Let m be 2/(-2) - 82/(-2). Let i(y) = -y**3 - y**2 - y + 8. Let h be i(0). Calculate the highest common factor of m and h.
8
Suppose 107 = 3*m - 73. Suppose m = 3*a - 156. What is the greatest common divisor of a and 8?
8
Suppose 0 = -2*b + 4*b - 42. Calculate the highest common divisor of 105 and b.
21
Let r = 11 - 24. Let d = r + 61. Calculate the greatest common divisor of d and 16.
16
Let q be (22/8)/((-2)/(-56)). Suppose 0 = 3*o, 5*v - o - 18 = 37. What is the greatest common divisor of q and v?
11
Let x(i) = -i + 9. Let j be x(7). Suppose j*l = 2*k - l + 241, -k - 148 = 4*l. Let u be (-5)/(-1)*k/(-10). Calculate the greatest common divisor of u and 8.
8
Let a(t) = -t**3 - 13*t**2 - 14*t - 15. Let s be a(-12). What is the highest common factor of 90 and s?
9
Let v = 0 + -15. Let w(t) = -t + 51. Let y be w(0). Let j = v + y. What is the highest common factor of 4 and j?
4
Let w = 58 + -42. Calculate the highest common factor of 4 and w.
4
Suppose 0 = 5*l - 5*h - 1225, 2*h - 481 = -2*l + 9. Calculate the greatest common divisor of 49 and l.
49
Let p = -14 - -28. What is the greatest common divisor of p and 35?
7
Suppose -6*c = -2280 + 552. What is the greatest common factor of c and 16?
16
Suppose s + 26 + 0 = 4*o, -4*s = -2*o + 20. Suppose 5*n + 12 = o*n. Let b be 260/(-6)*n/(-5). What is the highest common divisor of 13 and b?
13
Suppose -4*r = -36 - 4. What is the highest common factor of r and 20?
10
Let j(n) = n**2 - 3*n + 1. Let u be j(4). Suppose -3*l - 245 = -u*h, 0*h + 124 = 2*h + 4*l. What is the greatest common factor of h and 13?
13
Let m = 7 - -3. Let a be (-3)/(-6) + 1535/m. What is the greatest common divisor of a and 14?
14
Suppose -4*r - i + 71 = -r, 4*r - 5*i = 101. What is the highest common factor of 60 and r?
12
Let f = 28 + -22. Let z be 40/(3 - 15/f). Calculate the highest common divisor of z and 20.
20
Suppose 0 = 3*w - 5*r - 118, 2 = 2*r + 6. Calculate the highest common factor of w and 9.
9
Let w be (-2 - -3)*0 + 1. Let d be 40*(w + 1/(-2)). Let y(p) = 39*p + 2. Let m be y(2). What is the highest common divisor of m and d?
20
Let s be 9/(-6)*316/3. Let f = -63 - s. What is the highest common factor of f and 19?
19
Suppose -2*p + 114 = 2*p + 5*n, 0 = p - 4*n - 18. Let x = -117 - -170. Let s = x - p. What is the highest common factor of 18 and s?
9
Suppose 3*w = -2*i + 153, -38 + 332 = 4*i + 2*w. Calculate the highest common factor of i and 8.
8
Let l be 1*(2 + -3)/((-2)/28). Let u = 13 + 8. Calculate the highest common divisor of u and l.
7
Suppose 4*g = 75 + 149. Suppose s + 78 = 5*n - 11, -4*n = 3*s - g. Suppose -v = t + 4*v - 37, 2*t - 3*v = 22. Calculate the greatest common divisor of n and t.
17
Suppose 2*k + 34 - 100 = 0. Calculate the highest common divisor of 363 and k.
33
Let m(s) = -7*s - 34. Let y be m(-10). Calculate the greatest common factor of 54 and y.
18
Let x be 2 - 42/15 - 1928/(-10). What is the highest common factor of 24 and x?
24
Suppose 2*d - 3*d = -7. Let l be (-1 + 2)/(2/14). Calculate the greatest common factor of l and d.
7
Let o be 1 + -2 + (1 - -1). Suppose f - 4 = -o. Suppose a + 3 = 0, f*a - 78 = -3*i - a. Calculate the highest common factor of 12 and i.
6
Suppose 3*o = s + 4, -o - 3*o + 6 = -2*s. Let p(c) = 0 - 3*c + 7*c**2 - 3*c**2 + o. Let y be p(2). What is the greatest common divisor of 11 and y?
11
Let u(p) = -3*p**3 - 2 - 3*p +